{"id":922,"date":"2025-07-21T22:19:11","date_gmt":"2025-07-21T20:19:11","guid":{"rendered":"https:\/\/fabiengeromesophrologue.fr\/?page_id=922"},"modified":"2025-07-29T12:57:41","modified_gmt":"2025-07-29T10:57:41","slug":"prestations-et-tarifs","status":"publish","type":"page","link":"https:\/\/fabiengeromesophrologue.fr\/index.php\/prestations-et-tarifs\/","title":{"rendered":"Prestations et tarifs"},"content":{"rendered":"\n<h2 class=\"wp-block-heading has-text-align-center\">Fabien GER\u00d4ME Sophrologue certifi\u00e9<\/h2>\n\n\n\n<div class=\"wp-block-group alignfull gutenify-section-88685380-751b-11ef-8eb7-3f639e542394 has-background-secondary-background-color has-background is-layout-constrained wp-container-core-group-is-layout-082e5eb5 wp-block-group-is-layout-constrained\" style=\"border-style:none;border-width:0px;padding-top:var(--wp--preset--spacing--50);padding-right:var(--wp--preset--spacing--40);padding-bottom:var(--wp--preset--spacing--50);padding-left:var(--wp--preset--spacing--40)\">\n<div class=\"wp-block-group alignwide is-layout-grid wp-container-core-group-is-layout-0fc01cbd wp-block-group-is-layout-grid\">\n<div class=\"wp-block-group alignwide gutenify-section-88680561-751b-11ef-8eb7-3f639e542394 is-layout-constrained wp-container-core-group-is-layout-92b9201d wp-block-group-is-layout-constrained\">\n<div class=\"wp-block-group alignwide gutenify-section-8863bfa1-751b-11ef-8eb7-3f639e542394 is-layout-constrained wp-container-core-group-is-layout-c2c35502 wp-block-group-is-layout-constrained\" style=\"padding-bottom:0\">\n<h4 class=\"wp-block-heading has-text-align-center gutenify-section-88637180-751b-11ef-8eb7-3f639e542394 has-primary-color has-text-color has-link-color has-jost-font-family has-small-font-size wp-elements-f311921efcb53a2f57db5563cac6d769\">TARIF DES CONSULTATIONS<\/h4>\n\n\n\n<div class=\"wp-block-group gutenify-section-88639891-751b-11ef-8eb7-3f639e542394 is-content-justification-center is-nowrap is-layout-flex wp-container-core-group-is-layout-cf9dce37 wp-block-group-is-layout-flex\">\n<hr class=\"wp-block-separator has-text-color has-primary-color has-alpha-channel-opacity has-primary-background-color has-background is-style-default gutenify-section-88634a71-751b-11ef-8eb7-3f639e542394 wp-container-content-d613cd94\"\/>\n\n\n\n<h2 class=\"wp-block-heading has-text-align-center gutenify-section-8863bfa0-751b-11ef-8eb7-3f639e542394 has-foreground-color has-text-color has-link-color has-large-font-size wp-elements-ee782b12a0acd41336075576b286d9ea\">INDIVIDUELLES<\/h2>\n\n\n\n<hr class=\"wp-block-separator has-text-color has-primary-color has-alpha-channel-opacity has-primary-background-color has-background is-style-default gutenify-section-88639890-751b-11ef-8eb7-3f639e542394 wp-container-content-d613cd94\"\/>\n<\/div>\n<\/div>\n\n\n\n<div class=\"wp-block-group alignwide animated animated-fadeInUp gutenify-section-8864aa00-751b-11ef-8eb7-3f639e542394 is-layout-constrained wp-container-core-group-is-layout-b3de04e9 wp-block-group-is-layout-constrained\" style=\"padding-top:0;padding-right:0;padding-bottom:0;padding-left:0\">\n<div class=\"wp-block-group alignwide gutenify-section-88645be0-751b-11ef-8eb7-3f639e542394 is-vertical is-content-justification-stretch is-layout-flex wp-container-core-group-is-layout-edca5bc0 wp-block-group-is-layout-flex\" style=\"padding-bottom:0px\">\n<div class=\"wp-block-group gutenify-section-886434d1-751b-11ef-8eb7-3f639e542394 is-content-justification-space-between is-nowrap is-layout-flex wp-container-core-group-is-layout-68e5bc1b wp-block-group-is-layout-flex\" style=\"border-bottom-color:var(--wp--preset--color--body-text);border-bottom-style:dashed;border-bottom-width:1px\">\n<h3 class=\"wp-block-heading gutenify-section-8863e6b0-751b-11ef-8eb7-3f639e542394 has-secondary-color has-text-color has-link-color wp-elements-b243d394cfadb8d75246c7d651ddac69\">S\u00e9ance Adulte<\/h3>\n\n\n\n<div class=\"wp-block-group gutenify-section-886434d0-751b-11ef-8eb7-3f639e542394 is-layout-constrained wp-container-core-group-is-layout-639b5052 wp-block-group-is-layout-constrained\" style=\"border-radius:0px;padding-top:0;padding-right:0;padding-bottom:0;padding-left:0\">\n<h2 class=\"wp-block-heading gutenify-section-88640dc0-751b-11ef-8eb7-3f639e542394 has-primary-color has-text-color has-link-color has-jost-font-family wp-elements-84d2321b7b002eb0edf52017a3ae192a\" style=\"font-size:1.35rem;font-style:normal;font-weight:700\"><strong>50\u20ac<\/strong><\/h2>\n<\/div>\n<\/div>\n<\/div>\n\n\n\n<div class=\"wp-block-group gutenify-section-886482f1-751b-11ef-8eb7-3f639e542394 is-layout-flow wp-container-core-group-is-layout-b761bedb wp-block-group-is-layout-flow\">\n<p class=\"has-text-align-left gutenify-section-886482f0-751b-11ef-8eb7-3f639e542394 has-light-color has-text-color\">S\u00e9ance individuelle d&#8217;une dur\u00e9e d&#8217;une heure, pour public Adulte et Adolescents \u00e0 partir de 15 ans<\/p>\n\n\n\n<div class=\"wp-block-buttons is-layout-flex wp-block-buttons-is-layout-flex\">\n<div class=\"wp-block-button\"><a class=\"wp-block-button__link wp-element-button\" href=\"https:\/\/fabiengeromesophrologue.fr\/index.php\/contact-individuel\/\">Demander des infos +<\/a><\/div>\n<\/div>\n<\/div>\n<\/div>\n\n\n\n<div class=\"wp-block-group alignwide animated animated-fadeInUp gutenify-section-88656d51-751b-11ef-8eb7-3f639e542394 is-layout-constrained wp-container-core-group-is-layout-b3de04e9 wp-block-group-is-layout-constrained\" style=\"padding-top:0;padding-right:0;padding-bottom:0;padding-left:0\">\n<div class=\"wp-block-group alignwide gutenify-section-8864f821-751b-11ef-8eb7-3f639e542394 is-vertical is-content-justification-stretch is-layout-flex wp-container-core-group-is-layout-edca5bc0 wp-block-group-is-layout-flex\" style=\"padding-bottom:0px\">\n<div class=\"wp-block-group gutenify-section-8864f820-751b-11ef-8eb7-3f639e542394 is-content-justification-space-between is-nowrap is-layout-flex wp-container-core-group-is-layout-68e5bc1b wp-block-group-is-layout-flex\" style=\"border-bottom-color:#f2bf9d;border-bottom-width:1px\">\n<h3 class=\"wp-block-heading gutenify-section-8864aa01-751b-11ef-8eb7-3f639e542394 has-secondary-color has-text-color has-link-color wp-elements-ec398be92e39ea5d93df70db2ac7b8c5\">S\u00e9ance Enfant<\/h3>\n\n\n\n<div class=\"wp-block-group gutenify-section-8864d111-751b-11ef-8eb7-3f639e542394 is-layout-constrained wp-container-core-group-is-layout-639b5052 wp-block-group-is-layout-constrained\" style=\"border-radius:0px;padding-top:0;padding-right:0;padding-bottom:0;padding-left:0\">\n<h2 class=\"wp-block-heading gutenify-section-8864d110-751b-11ef-8eb7-3f639e542394 has-primary-color has-text-color has-link-color has-jost-font-family wp-elements-c442d9b8b03e912883d1c80d8c542099\" style=\"font-size:1.35rem\">45\u20ac<\/h2>\n<\/div>\n<\/div>\n<\/div>\n\n\n\n<div class=\"wp-block-group gutenify-section-88656d50-751b-11ef-8eb7-3f639e542394 is-layout-flow wp-container-core-group-is-layout-b761bedb wp-block-group-is-layout-flow\">\n<p class=\"has-text-align-left gutenify-section-88654640-751b-11ef-8eb7-3f639e542394 has-light-color has-text-color\">S\u00e9ance individuelle d&#8217;une dur\u00e9e de 45 minutes, pour public Enfant et Adolescents jusque 14 ans<\/p>\n\n\n\n<div class=\"wp-block-buttons is-layout-flex wp-block-buttons-is-layout-flex\">\n<div class=\"wp-block-button\"><a class=\"wp-block-button__link wp-element-button\" href=\"https:\/\/fabiengeromesophrologue.fr\/index.php\/contact-individuel\/\">Demander des infos +<\/a><\/div>\n<\/div>\n<\/div>\n<\/div>\n<\/div>\n\n\n\n<div class=\"wp-block-group alignwide gutenify-section-88680561-751b-11ef-8eb7-3f639e542394 is-layout-constrained wp-container-core-group-is-layout-92b9201d wp-block-group-is-layout-constrained\">\n<div class=\"wp-block-group alignwide gutenify-section-8863bfa1-751b-11ef-8eb7-3f639e542394 is-layout-constrained wp-container-core-group-is-layout-c2c35502 wp-block-group-is-layout-constrained\" style=\"padding-bottom:0\">\n<h4 class=\"wp-block-heading has-text-align-center gutenify-section-88637180-751b-11ef-8eb7-3f639e542394 has-primary-color has-text-color has-link-color has-jost-font-family has-small-font-size wp-elements-f311921efcb53a2f57db5563cac6d769\">TARIF DES CONSULTATIONS<\/h4>\n\n\n\n<div class=\"wp-block-group gutenify-section-88639891-751b-11ef-8eb7-3f639e542394 is-content-justification-center is-nowrap is-layout-flex wp-container-core-group-is-layout-cf9dce37 wp-block-group-is-layout-flex\">\n<hr class=\"wp-block-separator has-text-color has-primary-color has-alpha-channel-opacity has-primary-background-color has-background is-style-default gutenify-section-88634a71-751b-11ef-8eb7-3f639e542394 wp-container-content-d613cd94\"\/>\n\n\n\n<h2 class=\"wp-block-heading has-text-align-center gutenify-section-8863bfa0-751b-11ef-8eb7-3f639e542394 has-foreground-color has-text-color has-link-color has-large-font-size wp-elements-1f982392520f3fc3b22806bb9b34e7ca\">GROUPE<\/h2>\n\n\n\n<hr class=\"wp-block-separator has-text-color has-primary-color has-alpha-channel-opacity has-primary-background-color has-background is-style-default gutenify-section-88639890-751b-11ef-8eb7-3f639e542394 wp-container-content-d613cd94\"\/>\n<\/div>\n<\/div>\n\n\n\n<div class=\"wp-block-group alignwide animated animated-fadeInUp gutenify-section-8864aa00-751b-11ef-8eb7-3f639e542394 is-layout-constrained wp-container-core-group-is-layout-b3de04e9 wp-block-group-is-layout-constrained\" style=\"padding-top:0;padding-right:0;padding-bottom:0;padding-left:0\">\n<div class=\"wp-block-group alignwide gutenify-section-88645be0-751b-11ef-8eb7-3f639e542394 is-vertical is-content-justification-stretch is-layout-flex wp-container-core-group-is-layout-edca5bc0 wp-block-group-is-layout-flex\" style=\"padding-bottom:0px\">\n<div class=\"wp-block-group gutenify-section-886434d1-751b-11ef-8eb7-3f639e542394 is-content-justification-space-between is-nowrap is-layout-flex wp-container-core-group-is-layout-68e5bc1b wp-block-group-is-layout-flex\" style=\"border-bottom-color:var(--wp--preset--color--body-text);border-bottom-style:dashed;border-bottom-width:1px\">\n<h3 class=\"wp-block-heading gutenify-section-8863e6b0-751b-11ef-8eb7-3f639e542394 has-secondary-color has-text-color has-link-color wp-elements-d5617023ba9ce9396cda91db915f7e40\">S\u00e9ance Groupe<\/h3>\n\n\n\n<div class=\"wp-block-group gutenify-section-886434d0-751b-11ef-8eb7-3f639e542394 is-layout-constrained wp-container-core-group-is-layout-639b5052 wp-block-group-is-layout-constrained\" style=\"border-radius:0px;padding-top:0;padding-right:0;padding-bottom:0;padding-left:0\">\n<h2 class=\"wp-block-heading gutenify-section-88640dc0-751b-11ef-8eb7-3f639e542394 has-primary-color has-text-color has-link-color has-jost-font-family wp-elements-3cbf30913024da35c438714690d412c2\" style=\"font-size:1.35rem;font-style:normal;font-weight:700\"><strong>10\u20ac<\/strong>\/Pers<\/h2>\n<\/div>\n<\/div>\n<\/div>\n\n\n\n<div class=\"wp-block-group gutenify-section-886482f1-751b-11ef-8eb7-3f639e542394 is-layout-flow wp-container-core-group-is-layout-b761bedb wp-block-group-is-layout-flow\">\n<p class=\"has-text-align-left gutenify-section-886482f0-751b-11ef-8eb7-3f639e542394 has-light-color has-text-color\">S\u00e9ance tout public, d&#8217;une dur\u00e9e d&#8217;une heure, pour une dizaine de participants en moyenne. Id\u00e9al pour les associations, clubs et petits comit\u00e9s.<\/p>\n\n\n\n<div class=\"wp-block-buttons is-layout-flex wp-block-buttons-is-layout-flex\">\n<div class=\"wp-block-button\"><a class=\"wp-block-button__link wp-element-button\" href=\"https:\/\/fabiengeromesophrologue.fr\/index.php\/demande-de-devis\/\">Demandez des infos +<\/a><\/div>\n<\/div>\n<\/div>\n<\/div>\n\n\n\n<div class=\"wp-block-group alignwide animated animated-fadeInUp gutenify-section-88656d51-751b-11ef-8eb7-3f639e542394 is-layout-constrained wp-container-core-group-is-layout-b3de04e9 wp-block-group-is-layout-constrained\" style=\"padding-top:0;padding-right:0;padding-bottom:0;padding-left:0\">\n<div class=\"wp-block-group alignwide gutenify-section-8864f821-751b-11ef-8eb7-3f639e542394 is-vertical is-content-justification-stretch is-layout-flex wp-container-core-group-is-layout-edca5bc0 wp-block-group-is-layout-flex\" style=\"padding-bottom:0px\">\n<div class=\"wp-block-group gutenify-section-8864f820-751b-11ef-8eb7-3f639e542394 is-content-justification-space-between is-nowrap is-layout-flex wp-container-core-group-is-layout-68e5bc1b wp-block-group-is-layout-flex\" style=\"border-bottom-color:#f2bf9d;border-bottom-width:1px\">\n<h3 class=\"wp-block-heading gutenify-section-8864aa01-751b-11ef-8eb7-3f639e542394 has-secondary-color has-text-color has-link-color wp-elements-3548d5c53c5bb6b08a0acdc0255efc79\">S\u00e9ance Corporate \/ Entreprises<\/h3>\n\n\n\n<div class=\"wp-block-group gutenify-section-8864d111-751b-11ef-8eb7-3f639e542394 is-layout-constrained wp-container-core-group-is-layout-639b5052 wp-block-group-is-layout-constrained\" style=\"border-radius:0px;padding-top:0;padding-right:0;padding-bottom:0;padding-left:0\">\n<h2 class=\"wp-block-heading gutenify-section-8864d110-751b-11ef-8eb7-3f639e542394 has-primary-color has-text-color has-link-color has-jost-font-family wp-elements-2a11fb61bc5589b84d631bfad0ee89b9\" style=\"font-size:1.35rem\">Devis<\/h2>\n<\/div>\n<\/div>\n<\/div>\n\n\n\n<div class=\"wp-block-group gutenify-section-88656d50-751b-11ef-8eb7-3f639e542394 is-layout-flow wp-container-core-group-is-layout-b761bedb wp-block-group-is-layout-flow\">\n<p class=\"has-text-align-left gutenify-section-88654640-751b-11ef-8eb7-3f639e542394 has-light-color has-text-color\">S\u00e9ance tout public, je vous recommande de me contacter via le formulaire d\u00e9di\u00e9 afin d&#8217;\u00e9voquer votre projet. Id\u00e9al pour les entreprises et \/ ou les structures sp\u00e9cialis\u00e9es.<\/p>\n\n\n\n<div class=\"wp-block-buttons is-layout-flex wp-block-buttons-is-layout-flex\">\n<div class=\"wp-block-button\"><a class=\"wp-block-button__link wp-element-button\" href=\"https:\/\/fabiengeromesophrologue.fr\/index.php\/demande-de-devis\/\">Demandez votre devis +<\/a><\/div>\n<\/div>\n<\/div>\n<\/div>\n<\/div>\n\n\n\n<div class=\"wp-block-group alignwide gutenify-section-88680561-751b-11ef-8eb7-3f639e542394 is-layout-constrained wp-container-core-group-is-layout-92b9201d wp-block-group-is-layout-constrained\">\n<div class=\"wp-block-group alignwide gutenify-section-8863bfa1-751b-11ef-8eb7-3f639e542394 is-layout-constrained wp-container-core-group-is-layout-c2c35502 wp-block-group-is-layout-constrained\" style=\"padding-bottom:0\">\n<h4 class=\"wp-block-heading has-text-align-center gutenify-section-88637180-751b-11ef-8eb7-3f639e542394 has-primary-color has-text-color has-link-color has-jost-font-family has-small-font-size wp-elements-96d0ce8cea58dd1cbe1e19365c99d48a\">TARIF EXPERIENCES<\/h4>\n\n\n\n<div class=\"wp-block-group gutenify-section-88639891-751b-11ef-8eb7-3f639e542394 is-content-justification-center is-nowrap is-layout-flex wp-container-core-group-is-layout-cf9dce37 wp-block-group-is-layout-flex\">\n<hr class=\"wp-block-separator has-text-color has-primary-color has-alpha-channel-opacity has-primary-background-color has-background is-style-default gutenify-section-88634a71-751b-11ef-8eb7-3f639e542394 wp-container-content-d613cd94\"\/>\n\n\n\n<h2 class=\"wp-block-heading has-text-align-center gutenify-section-8863bfa0-751b-11ef-8eb7-3f639e542394 has-foreground-color has-text-color has-link-color has-large-font-size wp-elements-7f513be4021c94be802aeeb204f5d733\">SOPHROBEE<\/h2>\n\n\n\n<hr class=\"wp-block-separator has-text-color has-primary-color has-alpha-channel-opacity has-primary-background-color has-background is-style-default gutenify-section-88639890-751b-11ef-8eb7-3f639e542394 wp-container-content-d613cd94\"\/>\n<\/div>\n<\/div>\n\n\n\n<div class=\"wp-block-group alignwide animated animated-fadeInUp gutenify-section-8864aa00-751b-11ef-8eb7-3f639e542394 is-layout-constrained wp-container-core-group-is-layout-b3de04e9 wp-block-group-is-layout-constrained\" style=\"padding-top:0;padding-right:0;padding-bottom:0;padding-left:0\">\n<div class=\"wp-block-group alignwide gutenify-section-88645be0-751b-11ef-8eb7-3f639e542394 is-vertical is-content-justification-stretch is-layout-flex wp-container-core-group-is-layout-edca5bc0 wp-block-group-is-layout-flex\" style=\"padding-bottom:0px\">\n<div class=\"wp-block-group gutenify-section-886434d1-751b-11ef-8eb7-3f639e542394 is-content-justification-space-between is-nowrap is-layout-flex wp-container-core-group-is-layout-68e5bc1b wp-block-group-is-layout-flex\" style=\"border-bottom-color:var(--wp--preset--color--body-text);border-bottom-style:dashed;border-bottom-width:1px\">\n<h3 class=\"wp-block-heading gutenify-section-8863e6b0-751b-11ef-8eb7-3f639e542394 has-secondary-color has-text-color has-link-color wp-elements-a649bed70c559e0e52a27f87882fbbce\">S\u00e9ance Abeille (Individuelle)<\/h3>\n\n\n\n<div class=\"wp-block-group gutenify-section-886434d0-751b-11ef-8eb7-3f639e542394 is-layout-constrained wp-container-core-group-is-layout-639b5052 wp-block-group-is-layout-constrained\" style=\"border-radius:0px;padding-top:0;padding-right:0;padding-bottom:0;padding-left:0\">\n<h2 class=\"wp-block-heading gutenify-section-88640dc0-751b-11ef-8eb7-3f639e542394 has-primary-color has-text-color has-link-color has-jost-font-family wp-elements-57c375a8bc82622745cb1999c3711e66\" style=\"font-size:1.35rem;font-style:normal;font-weight:700\"><strong>40\u20ac<\/strong><\/h2>\n<\/div>\n<\/div>\n<\/div>\n\n\n\n<div class=\"wp-block-group gutenify-section-886482f1-751b-11ef-8eb7-3f639e542394 is-layout-flow wp-container-core-group-is-layout-b761bedb wp-block-group-is-layout-flow\">\n<p class=\"has-text-align-left gutenify-section-886482f0-751b-11ef-8eb7-3f639e542394 has-light-color has-text-color\">Ressourcez vous durant 1 heure en toute s\u00e9curit\u00e9 dans un espace au calme, dans la Nature, berc\u00e9 par le bourdonnement des abeilles qui travaillent.<\/p>\n\n\n\n<p class=\"has-text-align-left gutenify-section-886482f0-751b-11ef-8eb7-3f639e542394 has-light-color has-text-color\">Tout Public.<\/p>\n<\/div>\n<\/div>\n\n\n\n<div class=\"wp-block-group alignwide animated animated-fadeInUp gutenify-section-88656d51-751b-11ef-8eb7-3f639e542394 is-layout-constrained wp-container-core-group-is-layout-b3de04e9 wp-block-group-is-layout-constrained\" style=\"padding-top:0;padding-right:0;padding-bottom:0;padding-left:0\">\n<div class=\"wp-block-group alignwide gutenify-section-8864f821-751b-11ef-8eb7-3f639e542394 is-vertical is-content-justification-stretch is-layout-flex wp-container-core-group-is-layout-edca5bc0 wp-block-group-is-layout-flex\" style=\"padding-bottom:0px\">\n<div class=\"wp-block-group gutenify-section-8864f820-751b-11ef-8eb7-3f639e542394 is-content-justification-space-between is-nowrap is-layout-flex wp-container-core-group-is-layout-68e5bc1b wp-block-group-is-layout-flex\" style=\"border-bottom-color:#f2bf9d;border-bottom-width:1px\">\n<h3 class=\"wp-block-heading gutenify-section-8864aa01-751b-11ef-8eb7-3f639e542394 has-secondary-color has-text-color has-link-color wp-elements-35e33a1668ec51ee8cdb328e5112f1e1\">S\u00e9ance Essaim (Groupe)<\/h3>\n\n\n\n<div class=\"wp-block-group gutenify-section-8864d111-751b-11ef-8eb7-3f639e542394 is-layout-constrained wp-container-core-group-is-layout-639b5052 wp-block-group-is-layout-constrained\" style=\"border-radius:0px;padding-top:0;padding-right:0;padding-bottom:0;padding-left:0\">\n<h2 class=\"wp-block-heading gutenify-section-8864d110-751b-11ef-8eb7-3f639e542394 has-primary-color has-text-color has-link-color has-jost-font-family wp-elements-c3133cc213792462baf85b9a3a5cfa35\" style=\"font-size:1.35rem\">12\u20ac\/Pers<\/h2>\n<\/div>\n<\/div>\n<\/div>\n\n\n\n<div class=\"wp-block-group gutenify-section-88656d50-751b-11ef-8eb7-3f639e542394 is-layout-flow wp-container-core-group-is-layout-b761bedb wp-block-group-is-layout-flow\">\n<p class=\"has-text-align-left gutenify-section-88654640-751b-11ef-8eb7-3f639e542394 has-light-color has-text-color\">Tentez l&#8217;aventure en groupe. Pour 4 personnes maximum pour une dur\u00e9e d&#8217;une heure, au calme, dans la Nature,<\/p>\n\n\n\n<p>vous pourrez profiter du bourdonnement des abeilles qui travaillent.<\/p>\n\n\n\n<p class=\"has-text-align-left gutenify-section-88654640-751b-11ef-8eb7-3f639e542394 has-light-color has-text-color\">Public Adultes.<\/p>\n<\/div>\n<\/div>\n\n\n\n<div class=\"wp-block-group alignwide animated animated-fadeInUp gutenify-section-88660991-751b-11ef-8eb7-3f639e542394 is-layout-constrained wp-container-core-group-is-layout-b3de04e9 wp-block-group-is-layout-constrained\" style=\"padding-top:0;padding-right:0;padding-bottom:0;padding-left:0\">\n<hr class=\"wp-block-separator has-alpha-channel-opacity\"\/>\n<\/div>\n<\/div>\n<\/div>\n\n\n\n<div class=\"wp-block-buttons gutenify-section-88682c71-751b-11ef-8eb7-3f639e542394 is-content-justification-center is-layout-flex wp-container-core-buttons-is-layout-d8c0be80 wp-block-buttons-is-layout-flex\" style=\"margin-top:var(--wp--preset--spacing--40)\">\n<div class=\"wp-block-button gutenify-section-88682c70-751b-11ef-8eb7-3f639e542394 is-style-outline is-style-outline--1\"><a class=\"wp-block-button__link has-foreground-color has-text-color has-link-color wp-element-button\">Retour Accueil<\/a><\/div>\n\n\n\n<div class=\"wp-block-button gutenify-section-88682c70-751b-11ef-8eb7-3f639e542394\"><a class=\"wp-block-button__link has-background-color has-black-background-color has-text-color has-background has-link-color wp-element-button\" href=\"https:\/\/fabiengeromesophrologue.fr\/index.php\/sophrobee\/\">D\u00e9couvrez SophroBEE<\/a><\/div>\n<\/div>\n\n\n\n<h2 class=\"wp-block-heading has-text-align-center\">Pour votre information<\/h2>\n\n\n\n<pre class=\"wp-block-verse\">Vous pouvez consulter la liste des compl\u00e9mentaires sant\u00e9 et des conditions de prise en charge de vos s\u00e9ances \u00e0 partir du lien ci-dessous, je vous recommande \u00e9galement de prendre contact avec votre Mutuelle pour connaitre les montants des prises en charges.<\/pre>\n\n\n\n<div class=\"wp-block-media-text has-media-on-the-right is-stacked-on-mobile\"><div class=\"wp-block-media-text__content\">\n<p>Cliquez pour en savoir plus&#8230;<\/p>\n\n\n\n<div class=\"wp-block-buttons is-layout-flex wp-block-buttons-is-layout-flex\">\n<div class=\"wp-block-button\"><a class=\"wp-block-button__link wp-element-button\" href=\"https:\/\/www.chambre-syndicale-sophrologie.fr\/remboursement-des-seances-de-sophrologie\/\" target=\"_blank\" rel=\"noreferrer noopener\">Infos de prise en charge<\/a><\/div>\n<\/div>\n<\/div><figure class=\"wp-block-media-text__media\"><img decoding=\"async\" width=\"250\" height=\"95\" src=\"http:\/\/fabiengeromesophrologue.fr\/wp-content\/uploads\/2025\/07\/ChbreSyndicaleSOPHRO-logo2017_HD.png\" alt=\"\" class=\"wp-image-880 size-full\"\/><\/figure><\/div>\n\n\n\n<h2 class=\"wp-block-heading has-text-align-center\"><\/h2>\n<\/div>\n\n\n\n<p><\/p>\n","protected":false},"excerpt":{"rendered":"<p>Fabien GER\u00d4ME Sophrologue certifi\u00e9 TARIF DES CONSULTATIONS INDIVIDUELLES S\u00e9ance Adulte 50\u20ac S\u00e9ance individuelle d&#8217;une dur\u00e9e [&hellip;]<\/p>\n","protected":false},"author":1,"featured_media":0,"parent":0,"menu_order":0,"comment_status":"closed","ping_status":"closed","template":"","meta":{"footnotes":""},"class_list":["post-922","page","type-page","status-publish","hentry"],"featured_media_urls":[],"_links":{"self":[{"href":"https:\/\/fabiengeromesophrologue.fr\/index.php\/wp-json\/wp\/v2\/pages\/922","targetHints":{"allow":["GET"]}}],"collection":[{"href":"https:\/\/fabiengeromesophrologue.fr\/index.php\/wp-json\/wp\/v2\/pages"}],"about":[{"href":"https:\/\/fabiengeromesophrologue.fr\/index.php\/wp-json\/wp\/v2\/types\/page"}],"author":[{"embeddable":true,"href":"https:\/\/fabiengeromesophrologue.fr\/index.php\/wp-json\/wp\/v2\/users\/1"}],"replies":[{"embeddable":true,"href":"https:\/\/fabiengeromesophrologue.fr\/index.php\/wp-json\/wp\/v2\/comments?post=922"}],"version-history":[{"count":11,"href":"https:\/\/fabiengeromesophrologue.fr\/index.php\/wp-json\/wp\/v2\/pages\/922\/revisions"}],"predecessor-version":[{"id":990,"href":"https:\/\/fabiengeromesophrologue.fr\/index.php\/wp-json\/wp\/v2\/pages\/922\/revisions\/990"}],"wp:attachment":[{"href":"https:\/\/fabiengeromesophrologue.fr\/index.php\/wp-json\/wp\/v2\/media?parent=922"}],"curies":[{"name":"wp","href":"https:\/\/api.w.org\/{rel}","templated":true}]}}