{"id":648,"date":"2020-04-13T23:17:31","date_gmt":"2020-04-13T21:17:31","guid":{"rendered":"https:\/\/fabiengeromesophrologue.fr\/?page_id=648"},"modified":"2025-07-25T09:43:00","modified_gmt":"2025-07-25T07:43:00","slug":"demande-de-devis","status":"publish","type":"page","link":"https:\/\/fabiengeromesophrologue.fr\/index.php\/demande-de-devis\/","title":{"rendered":"Demande de devis"},"content":{"rendered":"\n<p>Parlez moi de votre projet, ce formulaire vous est d\u00e9di\u00e9, renseignez les informations, soyez succinct, je vous recontacterais rapidement afin d&#8217;\u00e9changer ensemble.<br>Avant de valider le formulaire, je vous remercie de v\u00e9rifier soigneusement que les coordonn\u00e9es soient bien renseign\u00e9es.<\/p>\n\n\n\n<hr class=\"wp-block-separator has-alpha-channel-opacity\"\/>\n\n\n\n<style> \n  iframe { \n    display: block; \n    margin: 0 auto; \n  } \n<\/style> \n<iframe src=\"https:\/\/docs.google.com\/forms\/d\/e\/1FAIpQLSf6xLT_Zg8SC2Q3BSYadZm4RV91o-2ZY_YBFRmh-3D0M9Uq6w\/viewform?embedded=true\" width=\"640\" height=\"1825\" frameborder=\"0\" marginheight=\"0\" marginwidth=\"0\">Chargement\u2026<\/iframe>\n","protected":false},"excerpt":{"rendered":"<p>Parlez moi de votre projet, ce formulaire vous est d\u00e9di\u00e9, renseignez les informations, soyez succinct, [&hellip;]<\/p>\n","protected":false},"author":2,"featured_media":0,"parent":0,"menu_order":0,"comment_status":"closed","ping_status":"closed","template":"","meta":{"footnotes":""},"class_list":["post-648","page","type-page","status-publish","hentry"],"featured_media_urls":[],"_links":{"self":[{"href":"https:\/\/fabiengeromesophrologue.fr\/index.php\/wp-json\/wp\/v2\/pages\/648","targetHints":{"allow":["GET"]}}],"collection":[{"href":"https:\/\/fabiengeromesophrologue.fr\/index.php\/wp-json\/wp\/v2\/pages"}],"about":[{"href":"https:\/\/fabiengeromesophrologue.fr\/index.php\/wp-json\/wp\/v2\/types\/page"}],"author":[{"embeddable":true,"href":"https:\/\/fabiengeromesophrologue.fr\/index.php\/wp-json\/wp\/v2\/users\/2"}],"replies":[{"embeddable":true,"href":"https:\/\/fabiengeromesophrologue.fr\/index.php\/wp-json\/wp\/v2\/comments?post=648"}],"version-history":[{"count":8,"href":"https:\/\/fabiengeromesophrologue.fr\/index.php\/wp-json\/wp\/v2\/pages\/648\/revisions"}],"predecessor-version":[{"id":951,"href":"https:\/\/fabiengeromesophrologue.fr\/index.php\/wp-json\/wp\/v2\/pages\/648\/revisions\/951"}],"wp:attachment":[{"href":"https:\/\/fabiengeromesophrologue.fr\/index.php\/wp-json\/wp\/v2\/media?parent=648"}],"curies":[{"name":"wp","href":"https:\/\/api.w.org\/{rel}","templated":true}]}}