{"id":645,"date":"2020-04-13T23:06:20","date_gmt":"2020-04-13T21:06:20","guid":{"rendered":"https:\/\/fabiengeromesophrologue.fr\/?page_id=645"},"modified":"2025-07-25T09:44:36","modified_gmt":"2025-07-25T07:44:36","slug":"contact-individuel","status":"publish","type":"page","link":"https:\/\/fabiengeromesophrologue.fr\/index.php\/contact-individuel\/","title":{"rendered":"Contact Individuel"},"content":{"rendered":"\n<p>Parlez moi de vous, ce formulaire vous est d\u00e9di\u00e9, renseignez les informations, soyez succinct, je vous recontacterais rapidement afin d&#8217;\u00e9changer ensemble.<br>Avant de valider le formulaire, je vous remercie de v\u00e9rifier soigneusement que les coordonn\u00e9es soient bien renseign\u00e9es.<\/p>\n\n\n\n<hr class=\"wp-block-separator has-alpha-channel-opacity\"\/>\n\n\n\n<style> \n  iframe { \n    display: block; \n    margin: 0 auto; \n  } \n<\/style> \n<iframe src=\"https:\/\/docs.google.com\/forms\/d\/e\/1FAIpQLSfhjlt5PORgug0LNeoXruHXqw82_fqNkTzqVToLHRgAkUio_Q\/viewform?embedded=true\" width=\"840\" height=\"1100\" frameborder=\"0\" marginheight=\"0\" marginwidth=\"0\">Chargement\u2026<\/iframe>\n\n\n\n<hr class=\"wp-block-separator has-alpha-channel-opacity\"\/>\n","protected":false},"excerpt":{"rendered":"<p>Parlez moi de vous, ce formulaire vous est d\u00e9di\u00e9, renseignez les informations, soyez succinct, je [&hellip;]<\/p>\n","protected":false},"author":2,"featured_media":0,"parent":0,"menu_order":0,"comment_status":"closed","ping_status":"closed","template":"","meta":{"footnotes":""},"class_list":["post-645","page","type-page","status-publish","hentry"],"featured_media_urls":[],"_links":{"self":[{"href":"https:\/\/fabiengeromesophrologue.fr\/index.php\/wp-json\/wp\/v2\/pages\/645","targetHints":{"allow":["GET"]}}],"collection":[{"href":"https:\/\/fabiengeromesophrologue.fr\/index.php\/wp-json\/wp\/v2\/pages"}],"about":[{"href":"https:\/\/fabiengeromesophrologue.fr\/index.php\/wp-json\/wp\/v2\/types\/page"}],"author":[{"embeddable":true,"href":"https:\/\/fabiengeromesophrologue.fr\/index.php\/wp-json\/wp\/v2\/users\/2"}],"replies":[{"embeddable":true,"href":"https:\/\/fabiengeromesophrologue.fr\/index.php\/wp-json\/wp\/v2\/comments?post=645"}],"version-history":[{"count":9,"href":"https:\/\/fabiengeromesophrologue.fr\/index.php\/wp-json\/wp\/v2\/pages\/645\/revisions"}],"predecessor-version":[{"id":952,"href":"https:\/\/fabiengeromesophrologue.fr\/index.php\/wp-json\/wp\/v2\/pages\/645\/revisions\/952"}],"wp:attachment":[{"href":"https:\/\/fabiengeromesophrologue.fr\/index.php\/wp-json\/wp\/v2\/media?parent=645"}],"curies":[{"name":"wp","href":"https:\/\/api.w.org\/{rel}","templated":true}]}}