{"id":510,"date":"2020-02-23T15:40:34","date_gmt":"2020-02-23T14:40:34","guid":{"rendered":"http:\/\/fabiengeromesophrologue.fr\/?page_id=510"},"modified":"2025-07-29T12:37:42","modified_gmt":"2025-07-29T10:37:42","slug":"mon-approche","status":"publish","type":"page","link":"https:\/\/fabiengeromesophrologue.fr\/index.php\/mon-approche\/","title":{"rendered":"Mon Approche"},"content":{"rendered":"\n<h2 class=\"wp-block-heading\">La S\u00e9ance Individuelle<\/h2>\n\n\n\n<p>Elle se d\u00e9roule en face \u00e0 face, dans mes locaux ou \u00e0 votre domicile.&nbsp;<\/p>\n\n\n\n<p>Cette s\u00e9ance dure en moyenne une heure et se d\u00e9coupe en trois temps : <br>Une phase de discussion pour \u00e9changer sur le v\u00e9cu entre deux s\u00e9ances, une phase pratique de d\u00e9tente physique et mentale gr\u00e2ce \u00e0 des exercices cibl\u00e9s \u00e0 vos besoins, et une derni\u00e8re phase d&#8217;\u00e9changes afin de faire le point sur le v\u00e9cu de la s\u00e9ance.<\/p>\n\n\n\n<p>Un th\u00e8me diff\u00e9rent est travaill\u00e9 \u00e0 chaque s\u00e9ance, en lien direct avec vos besoins et en fonction de l&#8217;objectif que vous souhaitez atteindre.<\/p>\n\n\n\n<p>Je ne pr\u00e9conise pas un nombre pr\u00e9cis de s\u00e9ances, tout est personnalis\u00e9 et adapt\u00e9 au rythme de la personne que j\u2019accompagne.<\/p>\n\n\n\n<h2 class=\"wp-block-heading\">La S\u00e9ance de Groupe<\/h2>\n\n\n\n<p>Elle se d\u00e9roule dans mes locaux avec un nombre limit\u00e9 de participants (en moyenne 10 personnes).<\/p>\n\n\n\n<p>Je propose de travailler des th\u00e8mes tr\u00e8s cibl\u00e9s, comme par exemple dans mon programme \u00ab&nbsp;j\u2019ai rendez-vous avec moi-m\u00eame&nbsp;\u00bb : la relaxation, reprendre contact avec son corps et ses \u00e9motions.<\/p>\n\n\n\n<p>C\u2019est un excellent moyen de d\u00e9couvrir la sophrologie seul ou avec des amis, et se faire sa propre opinion sur cette m\u00e9thode.<\/p>\n\n\n\n<h2 class=\"wp-block-heading\">SophroBee<\/h2>\n\n\n\n<p>Ce concept in\u00e9dit en sophrologie \u00e0 vu le jour \u00e0 l\u2019\u00e9t\u00e9 2020.<\/p>\n\n\n\n<p>Proche de la nature, j\u2019ai tr\u00e8s vite compris que je pouvais lier ma passion pour les abeilles dans mes accompagnements sophrologiques.<\/p>\n\n\n\n<p>Une s\u00e9ance \u00e0 l\u2019\u00e9coute des abeilles permet de prendre conscience de ses capacit\u00e9s \u00e0 se concentrer sur le moment pr\u00e9sent, et \u00e0 comprendre le m\u00e9canisme de la respiration contr\u00f4l\u00e9e et de ses impacts apaisants sur le corps et l\u2019esprit.<\/p>\n","protected":false},"excerpt":{"rendered":"<p>La S\u00e9ance Individuelle Elle se d\u00e9roule en face \u00e0 face, dans mes locaux ou \u00e0 [&hellip;]<\/p>\n","protected":false},"author":2,"featured_media":0,"parent":0,"menu_order":0,"comment_status":"closed","ping_status":"closed","template":"","meta":{"footnotes":""},"class_list":["post-510","page","type-page","status-publish","hentry"],"featured_media_urls":[],"_links":{"self":[{"href":"https:\/\/fabiengeromesophrologue.fr\/index.php\/wp-json\/wp\/v2\/pages\/510","targetHints":{"allow":["GET"]}}],"collection":[{"href":"https:\/\/fabiengeromesophrologue.fr\/index.php\/wp-json\/wp\/v2\/pages"}],"about":[{"href":"https:\/\/fabiengeromesophrologue.fr\/index.php\/wp-json\/wp\/v2\/types\/page"}],"author":[{"embeddable":true,"href":"https:\/\/fabiengeromesophrologue.fr\/index.php\/wp-json\/wp\/v2\/users\/2"}],"replies":[{"embeddable":true,"href":"https:\/\/fabiengeromesophrologue.fr\/index.php\/wp-json\/wp\/v2\/comments?post=510"}],"version-history":[{"count":4,"href":"https:\/\/fabiengeromesophrologue.fr\/index.php\/wp-json\/wp\/v2\/pages\/510\/revisions"}],"predecessor-version":[{"id":983,"href":"https:\/\/fabiengeromesophrologue.fr\/index.php\/wp-json\/wp\/v2\/pages\/510\/revisions\/983"}],"wp:attachment":[{"href":"https:\/\/fabiengeromesophrologue.fr\/index.php\/wp-json\/wp\/v2\/media?parent=510"}],"curies":[{"name":"wp","href":"https:\/\/api.w.org\/{rel}","templated":true}]}}

<h2 class="wp-block-heading">La Séance Individuelle</h2>



<p>Elle se déroule en face à face, dans mes locaux ou à votre domicile.&nbsp;</p>



<p>Cette séance dure en moyenne une heure et se découpe en trois temps : <br>Une phase de discussion pour échanger sur le vécu entre deux séances, une phase pratique de détente physique et mentale grâce à des exercices ciblés à vos besoins, et une dernière phase d&#8217;échanges afin de faire le point sur le vécu de la séance.</p>



<p>Un thème différent est travaillé à chaque séance, en lien direct avec vos besoins et en fonction de l&#8217;objectif que vous souhaitez atteindre.</p>



<p>Je ne préconise pas un nombre précis de séances, tout est personnalisé et adapté au rythme de la personne que j’accompagne.</p>



<h2 class="wp-block-heading">La Séance de Groupe</h2>



<p>Elle se déroule dans mes locaux avec un nombre limité de participants (en moyenne 10 personnes).</p>



<p>Je propose de travailler des thèmes très ciblés, comme par exemple dans mon programme «&nbsp;j’ai rendez-vous avec moi-même&nbsp;» : la relaxation, reprendre contact avec son corps et ses émotions.</p>



<p>C’est un excellent moyen de découvrir la sophrologie seul ou avec des amis, et se faire sa propre opinion sur cette méthode.</p>



<h2 class="wp-block-heading">SophroBee</h2>



<p>Ce concept inédit en sophrologie à vu le jour à l’été 2020.</p>



<p>Proche de la nature, j’ai très vite compris que je pouvais lier ma passion pour les abeilles dans mes accompagnements sophrologiques.</p>



<p>Une séance à l’écoute des abeilles permet de prendre conscience de ses capacités à se concentrer sur le moment présent, et à comprendre le mécanisme de la respiration contrôlée et de ses impacts apaisants sur le corps et l’esprit.</p>

<p>La Séance Individuelle Elle se déroule en face à face, dans mes locaux ou à [&hellip;]</p>
