{"id":506,"date":"2020-02-23T15:38:05","date_gmt":"2020-02-23T14:38:05","guid":{"rendered":"http:\/\/fabiengeromesophrologue.fr\/?page_id=506"},"modified":"2025-07-25T22:16:10","modified_gmt":"2025-07-25T20:16:10","slug":"qui-suis-je","status":"publish","type":"page","link":"https:\/\/fabiengeromesophrologue.fr\/index.php\/qui-suis-je\/","title":{"rendered":"Qui suis-je ?"},"content":{"rendered":"<div class=\"aligncenter wp-block-site-logo\"><a href=\"https:\/\/fabiengeromesophrologue.fr\/\" class=\"custom-logo-link\" rel=\"home\"><img decoding=\"async\" width=\"118\" height=\"118\" src=\"https:\/\/fabiengeromesophrologue.fr\/wp-content\/uploads\/2025\/05\/FGS_Logo_hollow.png\" class=\"custom-logo\" alt=\"Fabien GEROME SOPHROLOGUE\" srcset=\"https:\/\/fabiengeromesophrologue.fr\/wp-content\/uploads\/2025\/05\/FGS_Logo_hollow.png 600w, https:\/\/fabiengeromesophrologue.fr\/wp-content\/uploads\/2025\/05\/FGS_Logo_hollow-300x300.png 300w, https:\/\/fabiengeromesophrologue.fr\/wp-content\/uploads\/2025\/05\/FGS_Logo_hollow-150x150.png 150w\" sizes=\"(max-width: 118px) 100vw, 118px\" \/><\/a><\/div>\n\n\n<hr class=\"wp-block-separator has-alpha-channel-opacity\"\/>\n\n\n\n<h1 class=\"wp-block-heading has-text-align-center\">Fabien GER\u00d4ME | SOPHROlogue<\/h1>\n\n\n\n<div class=\"wp-block-media-text is-stacked-on-mobile\" style=\"grid-template-columns:38% auto\"><figure class=\"wp-block-media-text__media\"><img fetchpriority=\"high\" decoding=\"async\" width=\"500\" height=\"471\" src=\"http:\/\/fabiengeromesophrologue.fr\/wp-content\/uploads\/2025\/07\/FabienG.png\" alt=\"\" class=\"wp-image-864 size-full\" srcset=\"https:\/\/fabiengeromesophrologue.fr\/wp-content\/uploads\/2025\/07\/FabienG.png 500w, https:\/\/fabiengeromesophrologue.fr\/wp-content\/uploads\/2025\/07\/FabienG-300x283.png 300w\" sizes=\"(max-width: 500px) 100vw, 500px\" \/><\/figure><div class=\"wp-block-media-text__content\">\n<p>Je vous invite \u00e0 en savoir un peu plus sur moi, en lisant les informations ci-dessous.<\/p>\n<\/div><\/div>\n\n\n\n<hr class=\"wp-block-separator has-alpha-channel-opacity\"\/>\n\n\n\n<p>Mon parcours,<\/p>\n\n\n\n<p>Je m&#8217;appelle Fabien, je suis cadre en entreprise, essentiellement dans le milieu de la formation professionnelle, ma carri\u00e8re a toujours \u00e9t\u00e9 port\u00e9e par la gestion et le d\u00e9veloppement des comp\u00e9tences, et la relation humaine.<\/p>\n\n\n\n<p>J\u2019ai d\u00e9couvert la sophrologie en 2010, apr\u00e8s un tr\u00e8s gros passage \u00e0 vide professionnel. Le stress, la perte du sommeil, un engrenage infernal qui s\u2019installe et fait perdre des rep\u00e8res paraissant in\u00e9branlables.&nbsp;<\/p>\n\n\n\n<p>Afin de tenir le rythme la solution qui m\u2019a \u00e9t\u00e9 propos\u00e9e fut la prise de somnif\u00e8res. J\u2019ai alors v\u00e9cu une p\u00e9riode difficile avec l\u2019addiction \u00e0 ces m\u00e9dicaments, la perte de confiance et une d\u00e9valorisation de mon image.<\/p>\n\n\n\n<p>Et puis un jour, comme une sorte de dernier recours, mon m\u00e9decin m\u2019a conseill\u00e9 la sophrologie. Et ce fut enfin la solution \u00e0 tous mes maux.<\/p>\n\n\n\n<p>La pratique r\u00e9guli\u00e8re de la sophrologie qui m\u2019a permis de comprendre les r\u00e9actions de mon corps et de mon cerveau. J\u2019ai r\u00e9ussi \u00e0 retrouver un \u00e9quilibre et un bien-\u00eatre durable en apprenant \u00e0 ma\u00eetriser ma respiration, \u00e0 penser positivement et \u00e0 prendre de la distance avec les \u00e9v\u00e9nements de la vie. J\u2019ai ainsi pu stopper mon addiction aux somnif\u00e8res.<\/p>\n\n\n\n<p>Les ann\u00e9es passant, j\u2019ai d\u00e9cid\u00e9 d\u2019orienter ma carri\u00e8re totalement vers l\u2019Autre, et partager les bienfaits de cette m\u00e9thode \u00e0 ceux qui en ont besoin et qui souhaitent retrouver durablement un \u00e9quilibre int\u00e9rieur.<\/p>\n\n\n\n<figure class=\"wp-block-pullquote has-text-align-left\"><blockquote><p><mark style=\"background-color:rgba(0, 0, 0, 0)\" class=\"has-inline-color has-secondary-color\"><em>M\u00eame si je pratiques la sophrologie tr\u00e8s r\u00e9guli\u00e8rement, il me fallait suivre une formation professionnalisante, garantissant l\u2019acquisition de comp\u00e9tences professionnelles solides.<\/em><br><em>J\u2019ai suivi un parcours \u00e0 l\u2019Institut de Formation \u00e0 la Sophrologie,&nbsp;me permettant d\u2019obtenir une certification officielle, enregistr\u00e9e au R\u00e9pertoire National des Certifications Professionnelles dont le niveau est reconnu par l&#8217;Etat.<\/em><\/mark><\/p><\/blockquote><\/figure>\n\n\n\n<p>Je suis membre de la Chambre Syndicale de la Sophrologie, et \u00e0 ce titre, le cadre de mes s\u00e9ances respecte un code de d\u00e9ontologie\u00a0:<\/p>\n\n\n\n<div class=\"wp-block-group is-layout-grid wp-container-core-group-is-layout-478b6e6b wp-block-group-is-layout-grid\">\n<figure class=\"wp-block-image size-full\"><a href=\"https:\/\/www.chambre-syndicale-sophrologie.fr\/deontologie-sophrologie\/\" target=\"_blank\" rel=\" noreferrer noopener\"><img decoding=\"async\" width=\"250\" height=\"95\" src=\"http:\/\/fabiengeromesophrologue.fr\/wp-content\/uploads\/2025\/07\/ChbreSyndicaleSOPHRO-logo2017_HD.png\" alt=\"\" class=\"wp-image-880\"\/><\/a><figcaption class=\"wp-element-caption\">En savoir +<br><a href=\"https:\/\/www.chambre-syndicale-sophrologie.fr\/deontologie-sophrologie\/\">https:\/\/www.chambre-syndicale-sophrologie.fr\/deontologie-sophrologie\/<\/a><\/figcaption><\/figure>\n\n\n\n<figure class=\"wp-block-image size-full\"><img loading=\"lazy\" decoding=\"async\" width=\"258\" height=\"161\" src=\"http:\/\/fabiengeromesophrologue.fr\/wp-content\/uploads\/2025\/07\/CNCP.png\" alt=\"\" class=\"wp-image-881\"\/><\/figure>\n\n\n<\/div>\n","protected":false},"excerpt":{"rendered":"<p>Fabien GER\u00d4ME | SOPHROlogue Je vous invite \u00e0 en savoir un peu plus sur moi, [&hellip;]<\/p>\n","protected":false},"author":2,"featured_media":0,"parent":0,"menu_order":0,"comment_status":"closed","ping_status":"closed","template":"","meta":{"footnotes":""},"class_list":["post-506","page","type-page","status-publish","hentry"],"featured_media_urls":[],"_links":{"self":[{"href":"https:\/\/fabiengeromesophrologue.fr\/index.php\/wp-json\/wp\/v2\/pages\/506","targetHints":{"allow":["GET"]}}],"collection":[{"href":"https:\/\/fabiengeromesophrologue.fr\/index.php\/wp-json\/wp\/v2\/pages"}],"about":[{"href":"https:\/\/fabiengeromesophrologue.fr\/index.php\/wp-json\/wp\/v2\/types\/page"}],"author":[{"embeddable":true,"href":"https:\/\/fabiengeromesophrologue.fr\/index.php\/wp-json\/wp\/v2\/users\/2"}],"replies":[{"embeddable":true,"href":"https:\/\/fabiengeromesophrologue.fr\/index.php\/wp-json\/wp\/v2\/comments?post=506"}],"version-history":[{"count":2,"href":"https:\/\/fabiengeromesophrologue.fr\/index.php\/wp-json\/wp\/v2\/pages\/506\/revisions"}],"predecessor-version":[{"id":957,"href":"https:\/\/fabiengeromesophrologue.fr\/index.php\/wp-json\/wp\/v2\/pages\/506\/revisions\/957"}],"wp:attachment":[{"href":"https:\/\/fabiengeromesophrologue.fr\/index.php\/wp-json\/wp\/v2\/media?parent=506"}],"curies":[{"name":"wp","href":"https:\/\/api.w.org\/{rel}","templated":true}]}}

<div class="aligncenter wp-block-site-logo"><a href="https://fabiengeromesophrologue.fr/" class="custom-logo-link" rel="home"><img decoding="async" width="118" height="118" src="https://fabiengeromesophrologue.fr/wp-content/uploads/2025/05/FGS_Logo_hollow.png" class="custom-logo" alt="Fabien GEROME SOPHROLOGUE" srcset="https://fabiengeromesophrologue.fr/wp-content/uploads/2025/05/FGS_Logo_hollow.png 600w, https://fabiengeromesophrologue.fr/wp-content/uploads/2025/05/FGS_Logo_hollow-300x300.png 300w, https://fabiengeromesophrologue.fr/wp-content/uploads/2025/05/FGS_Logo_hollow-150x150.png 150w" sizes="(max-width: 118px) 100vw, 118px" /></a></div>


<hr class="wp-block-separator has-alpha-channel-opacity"/>



<h1 class="wp-block-heading has-text-align-center">Fabien GERÔME | SOPHROlogue</h1>



<div class="wp-block-media-text is-stacked-on-mobile" style="grid-template-columns:38% auto"><figure class="wp-block-media-text__media"><img fetchpriority="high" decoding="async" width="500" height="471" src="http://fabiengeromesophrologue.fr/wp-content/uploads/2025/07/FabienG.png" alt="" class="wp-image-864 size-full" srcset="https://fabiengeromesophrologue.fr/wp-content/uploads/2025/07/FabienG.png 500w, https://fabiengeromesophrologue.fr/wp-content/uploads/2025/07/FabienG-300x283.png 300w" sizes="(max-width: 500px) 100vw, 500px" /></figure><div class="wp-block-media-text__content">
<p>Je vous invite à en savoir un peu plus sur moi, en lisant les informations ci-dessous.</p>
</div></div>



<hr class="wp-block-separator has-alpha-channel-opacity"/>



<p>Mon parcours,</p>



<p>Je m&#8217;appelle Fabien, je suis cadre en entreprise, essentiellement dans le milieu de la formation professionnelle, ma carrière a toujours été portée par la gestion et le développement des compétences, et la relation humaine.</p>



<p>J’ai découvert la sophrologie en 2010, après un très gros passage à vide professionnel. Le stress, la perte du sommeil, un engrenage infernal qui s’installe et fait perdre des repères paraissant inébranlables.&nbsp;</p>



<p>Afin de tenir le rythme la solution qui m’a été proposée fut la prise de somnifères. J’ai alors vécu une période difficile avec l’addiction à ces médicaments, la perte de confiance et une dévalorisation de mon image.</p>



<p>Et puis un jour, comme une sorte de dernier recours, mon médecin m’a conseillé la sophrologie. Et ce fut enfin la solution à tous mes maux.</p>



<p>La pratique régulière de la sophrologie qui m’a permis de comprendre les réactions de mon corps et de mon cerveau. J’ai réussi à retrouver un équilibre et un bien-être durable en apprenant à maîtriser ma respiration, à penser positivement et à prendre de la distance avec les événements de la vie. J’ai ainsi pu stopper mon addiction aux somnifères.</p>



<p>Les années passant, j’ai décidé d’orienter ma carrière totalement vers l’Autre, et partager les bienfaits de cette méthode à ceux qui en ont besoin et qui souhaitent retrouver durablement un équilibre intérieur.</p>



<figure class="wp-block-pullquote has-text-align-left"><blockquote><p><mark style="background-color:rgba(0, 0, 0, 0)" class="has-inline-color has-secondary-color"><em>Même si je pratiques la sophrologie très régulièrement, il me fallait suivre une formation professionnalisante, garantissant l’acquisition de compétences professionnelles solides.</em><br><em>J’ai suivi un parcours à l’Institut de Formation à la Sophrologie,&nbsp;me permettant d’obtenir une certification officielle, enregistrée au Répertoire National des Certifications Professionnelles dont le niveau est reconnu par l&#8217;Etat.</em></mark></p></blockquote></figure>



<p>Je suis membre de la Chambre Syndicale de la Sophrologie, et à ce titre, le cadre de mes séances respecte un code de déontologie :</p>



<div class="wp-block-group is-layout-grid wp-container-core-group-is-layout-478b6e6b wp-block-group-is-layout-grid">
<figure class="wp-block-image size-full"><a href="https://www.chambre-syndicale-sophrologie.fr/deontologie-sophrologie/" target="_blank" rel=" noreferrer noopener"><img decoding="async" width="250" height="95" src="http://fabiengeromesophrologue.fr/wp-content/uploads/2025/07/ChbreSyndicaleSOPHRO-logo2017_HD.png" alt="" class="wp-image-880"/></a><figcaption class="wp-element-caption">En savoir +<br><a href="https://www.chambre-syndicale-sophrologie.fr/deontologie-sophrologie/">https://www.chambre-syndicale-sophrologie.fr/deontologie-sophrologie/</a></figcaption></figure>



<figure class="wp-block-image size-full"><img loading="lazy" decoding="async" width="258" height="161" src="http://fabiengeromesophrologue.fr/wp-content/uploads/2025/07/CNCP.png" alt="" class="wp-image-881"/></figure>


</div>

<p>Fabien GERÔME | SOPHROlogue Je vous invite à en savoir un peu plus sur moi, [&hellip;]</p>
